CRAN Package Check Results for Package nngeo

Last updated on 2021-12-09 00:51:46 CET.

Flavor Version Tinstall Tcheck Ttotal Status Flags
r-devel-linux-x86_64-debian-clang 0.4.4 7.04 85.84 92.88 OK
r-devel-linux-x86_64-debian-gcc 0.4.4 5.13 66.28 71.41 OK
r-devel-linux-x86_64-fedora-clang 0.4.4 116.61 NOTE
r-devel-linux-x86_64-fedora-gcc 0.4.4 104.17 NOTE
r-devel-windows-x86_64-new-UL 0.4.4 19.00 151.00 170.00 OK
r-devel-windows-x86_64-new-TK 0.4.4 NOTE
r-devel-windows-x86_64-old 0.4.4 13.00 84.00 97.00 OK
r-patched-linux-x86_64 0.4.4 7.17 79.55 86.72 OK
r-release-linux-x86_64 0.4.4 6.63 79.60 86.23 OK
r-release-macos-arm64 0.4.4 NOTE
r-release-macos-x86_64 0.4.4 NOTE
r-release-windows-ix86+x86_64 0.4.4 15.00 137.00 152.00 OK
r-oldrel-macos-x86_64 0.4.4 NOTE
r-oldrel-windows-ix86+x86_64 0.4.4 22.00 143.00 165.00 OK

Check Details

Version: 0.4.4
Check: dependencies in R code
Result: NOTE
    Namespaces in Imports field not imported from:
     ‘lwgeom’ ‘s2’
     All declared Imports should be used.
Flavors: r-devel-linux-x86_64-fedora-clang, r-devel-linux-x86_64-fedora-gcc, r-devel-windows-x86_64-new-TK, r-release-macos-arm64, r-release-macos-x86_64, r-oldrel-macos-x86_64