CRAN Package Check Results for Package nnlib2Rcpp

Last updated on 2021-09-28 01:49:31 CEST.

Flavor Version Tinstall Tcheck Ttotal Status Flags
r-devel-linux-x86_64-debian-clang 0.1.7 173.08 55.16 228.24 OK
r-devel-linux-x86_64-debian-gcc 0.1.7 109.08 42.75 151.83 OK
r-devel-linux-x86_64-fedora-clang 0.1.7 339.96 NOTE
r-devel-linux-x86_64-fedora-gcc 0.1.7 292.43 OK
r-devel-windows-x86_64 0.1.7 164.00 71.00 235.00 OK
r-devel-windows-x86_64-gcc10-UCRT 0.1.7 OK
r-patched-linux-x86_64 0.1.7 135.55 53.14 188.69 OK
r-patched-solaris-x86 0.1.7 252.20 OK
r-release-linux-x86_64 0.1.7 134.01 53.08 187.09 OK
r-release-macos-arm64 0.1.7 NOTE
r-release-macos-x86_64 0.1.7 NOTE
r-release-windows-ix86+x86_64 0.1.7 401.00 89.00 490.00 OK
r-oldrel-macos-x86_64 0.1.7 NOTE
r-oldrel-windows-ix86+x86_64 0.1.7 319.00 94.00 413.00 OK

Check Details

Version: 0.1.7
Check: installed package size
Result: NOTE
     installed size is 8.2Mb
     sub-directories of 1Mb or more:
     libs 7.6Mb
Flavors: r-devel-linux-x86_64-fedora-clang, r-release-macos-arm64, r-release-macos-x86_64, r-oldrel-macos-x86_64