CRAN Package Check Results for Package nodeHarvest

Last updated on 2021-10-18 22:56:12 CEST.

Flavor Version Tinstall Tcheck Ttotal Status Flags
r-devel-linux-x86_64-debian-clang 0.7-3 2.74 27.68 30.42 NOTE
r-devel-linux-x86_64-debian-gcc 0.7-3 2.01 22.45 24.46 NOTE
r-devel-linux-x86_64-fedora-clang 0.7-3 47.47 NOTE
r-devel-linux-x86_64-fedora-gcc 0.7-3 36.70 NOTE
r-devel-windows-x86_64 0.7-3 6.00 53.00 59.00 NOTE
r-devel-windows-x86_64-gcc10-UCRT 0.7-3 NOTE
r-patched-linux-x86_64 0.7-3 2.98 27.15 30.13 NOTE
r-patched-solaris-x86 0.7-3 54.50 NOTE
r-release-linux-x86_64 0.7-3 2.31 27.26 29.57 NOTE
r-release-macos-arm64 0.7-3 NOTE
r-release-macos-x86_64 0.7-3 NOTE
r-release-windows-ix86+x86_64 0.7-3 5.00 45.00 50.00 NOTE
r-oldrel-macos-x86_64 0.7-3 NOTE
r-oldrel-windows-ix86+x86_64 0.7-3 8.00 46.00 54.00 NOTE

Check Details

Version: 0.7-3
Check: R code for possible problems
Result: NOTE
    makeRules: no visible global function definition for 'sd'
    makeRules: no visible global function definition for 'rnorm'
    nodeHarvest: no visible global function definition for 'capture.output'
    nodeHarvest: no visible global function definition for 'lm'
    nodeHarvest: no visible global function definition for 'coef'
    plot.nodeHarvest: no visible global function definition for 'rgb'
    Undefined global functions or variables:
     capture.output coef lm rgb rnorm sd
    Consider adding
     importFrom("grDevices", "rgb")
     importFrom("stats", "coef", "lm", "rnorm", "sd")
     importFrom("utils", "capture.output")
    to your NAMESPACE file.
Flavors: r-devel-linux-x86_64-debian-clang, r-devel-linux-x86_64-debian-gcc, r-devel-linux-x86_64-fedora-clang, r-devel-linux-x86_64-fedora-gcc, r-devel-windows-x86_64, r-devel-windows-x86_64-gcc10-UCRT, r-patched-linux-x86_64, r-patched-solaris-x86, r-release-linux-x86_64, r-release-macos-arm64, r-release-macos-x86_64, r-release-windows-ix86+x86_64, r-oldrel-macos-x86_64, r-oldrel-windows-ix86+x86_64