CRAN Package Check Results for Package nonmemica

Last updated on 2021-09-21 04:55:23 CEST.

Flavor Version Tinstall Tcheck Ttotal Status Flags
r-devel-linux-x86_64-debian-clang 0.9.7 10.87 89.79 100.66 OK
r-devel-linux-x86_64-debian-gcc 0.9.7 8.71 66.96 75.67 OK
r-devel-linux-x86_64-fedora-clang 0.9.7 126.95 OK
r-devel-linux-x86_64-fedora-gcc 0.9.7 116.46 OK
r-devel-windows-x86_64 0.9.7 13.00 86.00 99.00 OK
r-devel-windows-x86_64-gcc10-UCRT 0.9.7 ERROR
r-patched-linux-x86_64 0.9.7 12.51 82.88 95.39 OK
r-patched-solaris-x86 0.9.7 156.00 OK
r-release-linux-x86_64 0.9.7 9.57 83.63 93.20 OK
r-release-macos-arm64 0.9.7 OK
r-release-macos-x86_64 0.9.7 OK
r-release-windows-ix86+x86_64 0.9.7 22.00 83.00 105.00 OK
r-oldrel-macos-x86_64 0.9.7 OK
r-oldrel-windows-ix86+x86_64 0.9.7 27.00 83.00 110.00 OK

Check Details

Version: 0.9.7
Check: whether package can be installed
Result: WARN
    Found the following significant warnings:
     WARNING: installation-time patches will not be applied, could not get the patches index
Flavor: r-devel-windows-x86_64-gcc10-UCRT

Version: 0.9.7
Check: PDF version of manual
Result: WARN
    LaTeX errors when creating PDF version.
    This typically indicates Rd problems.
Flavor: r-devel-windows-x86_64-gcc10-UCRT

Version: 0.9.7
Check: PDF version of manual without hyperrefs or index
Result: ERROR
    Re-running with no redirection of stdout/stderr.
Flavor: r-devel-windows-x86_64-gcc10-UCRT