CRAN Package Check Results for Package nonnest2

Last updated on 2021-10-15 22:54:23 CEST.

Flavor Version Tinstall Tcheck Ttotal Status Flags
r-devel-linux-x86_64-debian-clang 0.5-5 4.01 57.67 61.68 NOTE
r-devel-linux-x86_64-debian-gcc 0.5-5 3.23 44.82 48.05 NOTE
r-devel-linux-x86_64-fedora-clang 0.5-5 83.16 NOTE
r-devel-linux-x86_64-fedora-gcc 0.5-5 71.73 NOTE
r-devel-windows-x86_64 0.5-5 6.00 68.00 74.00 NOTE
r-devel-windows-x86_64-gcc10-UCRT 0.5-5 NOTE
r-patched-linux-x86_64 0.5-5 3.77 55.19 58.96 NOTE
r-patched-solaris-x86 0.5-5 104.40 NOTE
r-release-linux-x86_64 0.5-5 4.22 54.63 58.85 NOTE
r-release-macos-arm64 0.5-5 NOTE
r-release-macos-x86_64 0.5-5 NOTE
r-release-windows-ix86+x86_64 0.5-5 10.00 85.00 95.00 NOTE
r-oldrel-macos-x86_64 0.5-5 OK
r-oldrel-windows-ix86+x86_64 0.5-5 10.00 87.00 97.00 OK

Check Details

Version: 0.5-5
Check: LazyData
Result: NOTE
     'LazyData' is specified without a 'data' directory
Flavors: r-devel-linux-x86_64-debian-clang, r-devel-linux-x86_64-debian-gcc, r-devel-linux-x86_64-fedora-clang, r-devel-linux-x86_64-fedora-gcc, r-devel-windows-x86_64, r-devel-windows-x86_64-gcc10-UCRT, r-patched-linux-x86_64, r-patched-solaris-x86, r-release-linux-x86_64, r-release-macos-arm64, r-release-macos-x86_64, r-release-windows-ix86+x86_64