CRAN Package Check Results for Package nor1mix

Last updated on 2021-10-16 04:57:36 CEST.

Flavor Version Tinstall Tcheck Ttotal Status Flags
r-devel-linux-x86_64-debian-clang 1.3-0 3.45 31.04 34.49 OK
r-devel-linux-x86_64-debian-gcc 1.3-0 2.38 24.41 26.79 OK
r-devel-linux-x86_64-fedora-clang 1.3-0 52.48 NOTE
r-devel-linux-x86_64-fedora-gcc 1.3-0 41.91 OK
r-devel-windows-x86_64 1.3-0 6.00 36.00 42.00 OK
r-devel-windows-x86_64-gcc10-UCRT 1.3-0 OK
r-patched-linux-x86_64 1.3-0 3.72 30.61 34.33 OK
r-patched-solaris-x86 1.3-0 62.20 OK
r-release-linux-x86_64 1.3-0 3.11 30.23 33.34 OK
r-release-macos-arm64 1.3-0 OK
r-release-macos-x86_64 1.3-0 OK
r-release-windows-ix86+x86_64 1.3-0 7.00 48.00 55.00 OK
r-oldrel-macos-x86_64 1.3-0 OK
r-oldrel-windows-ix86+x86_64 1.3-0 7.00 51.00 58.00 OK

Check Details

Version: 1.3-0
Check: Rd cross-references
Result: NOTE
    Undeclared package ‘copula’ in Rd xrefs
Flavor: r-devel-linux-x86_64-fedora-clang