CRAN Package Check Results for Package npIntFactRep

Last updated on 2022-01-24 15:54:20 CET.

Flavor Version Tinstall Tcheck Ttotal Status Flags
r-devel-linux-x86_64-debian-clang 1.5 10.57 98.78 109.35 OK
r-devel-linux-x86_64-debian-gcc 1.5 8.59 75.10 83.69 OK
r-devel-linux-x86_64-fedora-clang 1.5 134.93 OK
r-devel-linux-x86_64-fedora-gcc 1.5 126.41 OK
r-devel-windows-x86_64-new-UL 1.5 21.00 109.00 130.00 OK
r-devel-windows-x86_64-new-TK 1.5 ERROR
r-patched-linux-x86_64 1.5 10.00 92.39 102.39 OK
r-release-linux-x86_64 1.5 7.34 92.27 99.61 OK
r-release-macos-arm64 1.5 OK
r-release-macos-x86_64 1.5 OK
r-release-windows-ix86+x86_64 1.5 26.00 106.00 132.00 OK
r-oldrel-macos-x86_64 1.5 OK
r-oldrel-windows-ix86+x86_64 1.5 22.00 106.00 128.00 OK

Check Details

Version: 1.5
Check: package dependencies
Result: ERROR
    Package required but not available: 'ez'
    
    See section 'The DESCRIPTION file' in the 'Writing R Extensions'
    manual.
Flavor: r-devel-windows-x86_64-new-TK