CRAN Package Check Results for Package nricens

Last updated on 2021-09-23 10:53:36 CEST.

Flavor Version Tinstall Tcheck Ttotal Status Flags
r-devel-linux-x86_64-debian-clang 1.6 8.31 62.13 70.44 OK
r-devel-linux-x86_64-debian-gcc 1.6 6.45 48.68 55.13 OK
r-devel-linux-x86_64-fedora-clang 1.6 92.59 OK
r-devel-linux-x86_64-fedora-gcc 1.6 81.34 OK
r-devel-windows-x86_64 1.6 8.00 59.00 67.00 OK
r-devel-windows-x86_64-gcc10-UCRT 1.6 ERROR
r-patched-linux-x86_64 1.6 6.91 59.58 66.49 OK
r-patched-solaris-x86 1.6 122.00 OK
r-release-linux-x86_64 1.6 7.87 60.31 68.18 OK
r-release-macos-arm64 1.6 OK
r-release-macos-x86_64 1.6 OK
r-release-windows-ix86+x86_64 1.6 16.00 58.00 74.00 OK
r-oldrel-macos-x86_64 1.6 OK
r-oldrel-windows-ix86+x86_64 1.6 14.00 61.00 75.00 OK

Check Details

Version: 1.6
Check: PDF version of manual
Result: WARN
    LaTeX errors when creating PDF version.
    This typically indicates Rd problems.
Flavor: r-devel-windows-x86_64-gcc10-UCRT

Version: 1.6
Check: PDF version of manual without hyperrefs or index
Result: ERROR
    Re-running with no redirection of stdout/stderr.
Flavor: r-devel-windows-x86_64-gcc10-UCRT