CRAN Package Check Results for Package nsga3

Last updated on 2021-10-28 13:58:18 CEST.

Flavor Version Tinstall Tcheck Ttotal Status Flags
r-devel-linux-x86_64-debian-clang 0.0.3 10.99 93.60 104.59 OK
r-devel-linux-x86_64-debian-gcc 0.0.3 9.77 72.15 81.92 OK
r-devel-linux-x86_64-fedora-clang 0.0.3 136.98 NOTE
r-devel-linux-x86_64-fedora-gcc 0.0.3 122.00 NOTE
r-devel-windows-x86_64 0.0.3 17.00 89.00 106.00 OK
r-devel-windows-x86_64-gcc10-UCRT 0.0.3 NOTE
r-patched-linux-x86_64 0.0.3 10.23 90.07 100.30 OK
r-patched-solaris-x86 0.0.3 199.20 NOTE
r-release-linux-x86_64 0.0.3 10.76 89.13 99.89 OK
r-release-macos-arm64 0.0.3 NOTE
r-release-macos-x86_64 0.0.3 NOTE
r-release-windows-ix86+x86_64 0.0.3 19.00 117.00 136.00 OK
r-oldrel-macos-x86_64 0.0.3 NOTE
r-oldrel-windows-ix86+x86_64 0.0.3 22.00 122.00 144.00 OK

Check Details

Version: 0.0.3
Check: dependencies in R code
Result: NOTE
    Namespace in Imports field not imported from: ‘xgboost’
     All declared Imports should be used.
Flavors: r-devel-linux-x86_64-fedora-clang, r-devel-linux-x86_64-fedora-gcc, r-devel-windows-x86_64-gcc10-UCRT, r-patched-solaris-x86, r-release-macos-arm64, r-release-macos-x86_64, r-oldrel-macos-x86_64