CRAN Package Check Results for Package nycflights13

Last updated on 2023-11-28 15:49:43 CET.

Flavor Version Tinstall Tcheck Ttotal Status Flags
r-devel-linux-x86_64-debian-clang 1.0.2 20.05 53.85 73.90 OK
r-devel-linux-x86_64-debian-gcc 1.0.2 17.87 41.54 59.41 OK
r-devel-linux-x86_64-fedora-clang 1.0.2 95.95 OK
r-devel-linux-x86_64-fedora-gcc 1.0.2 90.66 OK
r-devel-windows-x86_64 1.0.2 17.00 58.00 75.00 OK
r-patched-linux-x86_64 1.0.2 18.24 54.00 72.24 OK
r-release-linux-x86_64 1.0.2 18.58 53.63 72.21 OK
r-release-macos-arm64 1.0.2 46.00 NOTE
r-release-macos-x86_64 1.0.2 68.00 NOTE
r-release-windows-x86_64 1.0.2 23.00 69.00 92.00 OK
r-oldrel-macos-arm64 1.0.2 46.00 NOTE
r-oldrel-macos-x86_64 1.0.2 51.00 OK
r-oldrel-windows-x86_64 1.0.2 24.00 80.00 104.00 OK

Check Details

Version: 1.0.2
Check: installed package size
Result: NOTE installed size is 5.1Mb sub-directories of 1Mb or more: data 5.0Mb Flavors: r-release-macos-arm64, r-release-macos-x86_64, r-oldrel-macos-arm64