CRAN Package Check Results for Package odbc

Last updated on 2021-09-28 07:48:35 CEST.

Flavor Version Tinstall Tcheck Ttotal Status Flags
r-devel-linux-x86_64-debian-clang 1.3.2 100.52 50.91 151.43 OK
r-devel-linux-x86_64-debian-gcc 1.3.2 61.89 40.01 101.90 OK
r-devel-linux-x86_64-fedora-clang 1.3.2 209.65 NOTE
r-devel-linux-x86_64-fedora-gcc 1.3.2 186.19 OK
r-devel-windows-x86_64 1.3.2 83.00 62.00 145.00 OK
r-devel-windows-x86_64-gcc10-UCRT 1.3.2 OK
r-patched-linux-x86_64 1.3.2 77.75 49.77 127.52 OK
r-patched-solaris-x86 1.3.2 165.70 OK
r-release-linux-x86_64 1.3.2 74.68 48.90 123.58 OK
r-release-macos-arm64 1.3.2 NOTE
r-release-macos-x86_64 1.3.2 NOTE
r-release-windows-ix86+x86_64 1.3.2 223.00 80.00 303.00 OK
r-oldrel-macos-x86_64 1.3.2 NOTE
r-oldrel-windows-ix86+x86_64 1.3.2 156.00 83.00 239.00 OK

Check Details

Version: 1.3.2
Check: installed package size
Result: NOTE
     installed size is 6.0Mb
     sub-directories of 1Mb or more:
     libs 5.5Mb
Flavors: r-devel-linux-x86_64-fedora-clang, r-release-macos-arm64, r-release-macos-x86_64, r-oldrel-macos-x86_64