CRAN Package Check Results for Package ojsr

Last updated on 2021-09-26 01:49:59 CEST.

Flavor Version Tinstall Tcheck Ttotal Status Flags
r-devel-linux-x86_64-debian-clang 0.1.2 2.48 74.69 77.17 NOTE
r-devel-linux-x86_64-debian-gcc 0.1.2 2.36 54.69 57.05 NOTE
r-devel-linux-x86_64-fedora-clang 0.1.2 74.04 NOTE
r-devel-linux-x86_64-fedora-gcc 0.1.2 63.17 NOTE
r-devel-windows-x86_64 0.1.2 4.00 837.00 841.00 NOTE
r-devel-windows-x86_64-gcc10-UCRT 0.1.2 NOTE
r-patched-linux-x86_64 0.1.2 2.67 70.64 73.31 NOTE
r-patched-solaris-x86 0.1.2 84.60 NOTE
r-release-linux-x86_64 0.1.2 2.53 70.35 72.88 NOTE
r-release-macos-arm64 0.1.2 NOTE
r-release-macos-x86_64 0.1.2 NOTE
r-release-windows-ix86+x86_64 0.1.2 6.00 977.00 983.00 WARN
r-oldrel-macos-x86_64 0.1.2 OK
r-oldrel-windows-ix86+x86_64 0.1.2 5.00 774.00 779.00 OK

Check Details

Version: 0.1.2
Check: LazyData
Result: NOTE
     'LazyData' is specified without a 'data' directory
Flavors: r-devel-linux-x86_64-debian-clang, r-devel-linux-x86_64-debian-gcc, r-devel-linux-x86_64-fedora-clang, r-devel-linux-x86_64-fedora-gcc, r-devel-windows-x86_64, r-devel-windows-x86_64-gcc10-UCRT, r-patched-linux-x86_64, r-patched-solaris-x86, r-release-linux-x86_64, r-release-macos-arm64, r-release-macos-x86_64, r-release-windows-ix86+x86_64

Version: 0.1.2
Check: re-building of vignette outputs
Result: WARN
    Error(s) in re-building vignettes:
    --- re-building 'ojsr-vignette.Rmd' using rmarkdown
    Quitting from lines 260-268 (ojsr-vignette.Rmd)
    Error: processing vignette 'ojsr-vignette.Rmd' failed with diagnostics:
    object 'record' not found
    --- failed re-building 'ojsr-vignette.Rmd'
    
    SUMMARY: processing the following file failed:
     'ojsr-vignette.Rmd'
    
    Error: Vignette re-building failed.
    Execution halted
Flavor: r-release-windows-ix86+x86_64