CRAN Package Check Results for Package onelogin

Last updated on 2024-07-13 10:48:53 CEST.

Flavor Version Tinstall Tcheck Ttotal Status Flags
r-devel-linux-x86_64-debian-clang 0.2.0 2.42 24.15 26.57 NOTE
r-devel-linux-x86_64-debian-gcc 0.2.0 2.75 18.43 21.18 NOTE
r-devel-linux-x86_64-fedora-clang 0.2.0 34.55 NOTE
r-devel-linux-x86_64-fedora-gcc 0.2.0 32.40 NOTE
r-devel-windows-x86_64 0.2.0 4.00 44.00 48.00 NOTE
r-patched-linux-x86_64 0.2.0 3.80 22.25 26.05 NOTE
r-release-linux-x86_64 0.2.0 2.56 23.28 25.84 NOTE
r-release-macos-arm64 0.2.0 17.00 NOTE
r-release-macos-x86_64 0.2.0 20.00 NOTE
r-release-windows-x86_64 0.2.0 4.00 45.00 49.00 NOTE
r-oldrel-macos-arm64 0.2.0 14.00 NOTE
r-oldrel-macos-x86_64 0.2.0 22.00 NOTE
r-oldrel-windows-x86_64 0.2.0 5.00 44.00 49.00 NOTE

Check Details

Version: 0.2.0
Check: LazyData
Result: NOTE 'LazyData' is specified without a 'data' directory Flavors: r-devel-linux-x86_64-debian-clang, r-devel-linux-x86_64-debian-gcc, r-devel-linux-x86_64-fedora-clang, r-devel-linux-x86_64-fedora-gcc, r-devel-windows-x86_64, r-patched-linux-x86_64, r-release-linux-x86_64, r-release-macos-arm64, r-release-macos-x86_64, r-release-windows-x86_64, r-oldrel-macos-arm64, r-oldrel-macos-x86_64, r-oldrel-windows-x86_64

Version: 0.2.0
Check: dependencies in R code
Result: NOTE Namespaces in Imports field not imported from: ‘R6’ ‘safer’ All declared Imports should be used. Flavors: r-devel-linux-x86_64-fedora-clang, r-devel-linux-x86_64-fedora-gcc