CRAN Package Check Results for Package oolong

Last updated on 2021-10-22 16:50:44 CEST.

Flavor Version Tinstall Tcheck Ttotal Status Flags
r-devel-linux-x86_64-debian-clang 0.4.0 18.68 280.96 299.64 OK
r-devel-linux-x86_64-debian-gcc 0.4.0 15.61 194.46 210.07 OK
r-devel-linux-x86_64-fedora-clang 0.4.0 358.93 NOTE
r-devel-linux-x86_64-fedora-gcc 0.4.0 334.10 NOTE
r-devel-windows-x86_64 0.4.0 27.00 317.00 344.00 OK
r-devel-windows-x86_64-gcc10-UCRT 0.4.0 NOTE
r-patched-linux-x86_64 0.4.0 16.91 265.59 282.50 OK
r-patched-solaris-x86 0.4.0 380.00 NOTE
r-release-linux-x86_64 0.4.0 17.17 264.97 282.14 OK
r-release-macos-arm64 0.4.0 NOTE
r-release-macos-x86_64 0.4.0 NOTE
r-release-windows-ix86+x86_64 0.4.0 24.00 334.00 358.00 OK
r-oldrel-macos-x86_64 0.4.0 NOTE
r-oldrel-windows-ix86+x86_64 0.4.0 35.00 317.00 352.00 OK

Check Details

Version: 0.4.0
Check: dependencies in R code
Result: NOTE
    Namespaces in Imports field not imported from:
     ‘R6’ ‘dplyr’ ‘miniUI’ ‘text2vec’
     All declared Imports should be used.
Flavors: r-devel-linux-x86_64-fedora-clang, r-devel-linux-x86_64-fedora-gcc, r-devel-windows-x86_64-gcc10-UCRT, r-patched-solaris-x86, r-release-macos-arm64, r-release-macos-x86_64, r-oldrel-macos-x86_64