CRAN Package Check Results for Package opGMMassessment

Last updated on 2022-01-24 06:48:59 CET.

Flavor Version Tinstall Tcheck Ttotal Status Flags
r-devel-linux-x86_64-debian-clang 0.3 17.20 142.84 160.04 OK
r-devel-linux-x86_64-debian-gcc 0.3 12.06 108.89 120.95 OK
r-devel-linux-x86_64-fedora-clang 0.3 193.69 OK
r-devel-linux-x86_64-fedora-gcc 0.3 176.16 OK
r-devel-windows-x86_64-new-UL 0.3 53.00 150.00 203.00 OK
r-devel-windows-x86_64-new-TK 0.3 ERROR
r-patched-linux-x86_64 0.3 14.28 133.48 147.76 OK
r-release-linux-x86_64 0.3 11.30 134.49 145.79 OK
r-release-macos-arm64 0.3 ERROR
r-release-macos-x86_64 0.3 ERROR
r-release-windows-ix86+x86_64 0.3 38.00 156.00 194.00 OK
r-oldrel-macos-x86_64 0.3 ERROR
r-oldrel-windows-ix86+x86_64 0.3 38.00 152.00 190.00 OK

Check Details

Version: 0.3
Check: package dependencies
Result: ERROR
    Package required but not available: 'mixAK'
    
    See section 'The DESCRIPTION file' in the 'Writing R Extensions'
    manual.
Flavors: r-devel-windows-x86_64-new-TK, r-release-macos-arm64, r-release-macos-x86_64, r-oldrel-macos-x86_64