CRAN Package Check Results for Package openCR

Last updated on 2021-09-26 07:50:15 CEST.

Flavor Version Tinstall Tcheck Ttotal Status Flags
r-devel-linux-x86_64-debian-clang 2.1.0 123.57 247.49 371.06 NOTE
r-devel-linux-x86_64-debian-gcc 2.1.0 82.37 189.30 271.67 NOTE
r-devel-linux-x86_64-fedora-clang 2.1.0 501.43 NOTE
r-devel-linux-x86_64-fedora-gcc 2.1.0 452.15 NOTE
r-devel-windows-x86_64 2.1.0 123.00 222.00 345.00 NOTE
r-devel-windows-x86_64-gcc10-UCRT 2.1.0 NOTE
r-patched-linux-x86_64 2.1.0 100.32 241.32 341.64 NOTE
r-patched-solaris-x86 2.1.0 536.90 NOTE
r-release-linux-x86_64 2.1.0 92.41 244.60 337.01 NOTE
r-release-macos-arm64 2.1.0 NOTE
r-release-macos-x86_64 2.1.0 NOTE
r-release-windows-ix86+x86_64 2.1.0 281.00 290.00 571.00 NOTE
r-oldrel-macos-x86_64 2.1.0 NOTE
r-oldrel-windows-ix86+x86_64 2.1.0 214.00 315.00 529.00 NOTE

Check Details

Version: 2.1.0
Check: for GNU extensions in Makefiles
Result: NOTE
    GNU make is a SystemRequirements.
Flavors: r-devel-linux-x86_64-debian-clang, r-devel-linux-x86_64-debian-gcc, r-devel-linux-x86_64-fedora-clang, r-devel-linux-x86_64-fedora-gcc, r-devel-windows-x86_64, r-devel-windows-x86_64-gcc10-UCRT, r-patched-linux-x86_64, r-patched-solaris-x86, r-release-linux-x86_64, r-release-macos-arm64, r-release-macos-x86_64, r-release-windows-ix86+x86_64, r-oldrel-macos-x86_64, r-oldrel-windows-ix86+x86_64

Version: 2.1.0
Check: package dependencies
Result: NOTE
    Packages suggested but not available for checking: 'RMark', 'R2ucare'
Flavor: r-patched-solaris-x86

Version: 2.1.0
Check: installed package size
Result: NOTE
     installed size is 5.5Mb
     sub-directories of 1Mb or more:
     libs 4.2Mb
Flavor: r-release-macos-arm64