CRAN Package Check Results for Package openEBGM

Last updated on 2021-09-23 13:54:56 CEST.

Flavor Version Tinstall Tcheck Ttotal Status Flags
r-devel-linux-x86_64-debian-clang 0.8.3 8.23 249.90 258.13 OK
r-devel-linux-x86_64-debian-gcc 0.8.3 5.32 167.58 172.90 OK
r-devel-linux-x86_64-fedora-clang 0.8.3 304.72 OK
r-devel-linux-x86_64-fedora-gcc 0.8.3 285.05 OK
r-devel-windows-x86_64 0.8.3 9.00 272.00 281.00 OK
r-devel-windows-x86_64-gcc10-UCRT 0.8.3 ERROR
r-patched-linux-x86_64 0.8.3 8.63 234.23 242.86 OK
r-patched-solaris-x86 0.8.3 482.10 OK
r-release-linux-x86_64 0.8.3 7.15 232.03 239.18 OK
r-release-macos-arm64 0.8.3 OK
r-release-macos-x86_64 0.8.3 OK
r-release-windows-ix86+x86_64 0.8.3 16.00 278.00 294.00 OK
r-oldrel-macos-x86_64 0.8.3 OK
r-oldrel-windows-ix86+x86_64 0.8.3 11.00 268.00 279.00 OK

Check Details

Version: 0.8.3
Check: PDF version of manual
Result: WARN
    LaTeX errors when creating PDF version.
    This typically indicates Rd problems.
Flavor: r-devel-windows-x86_64-gcc10-UCRT

Version: 0.8.3
Check: PDF version of manual without hyperrefs or index
Result: ERROR
    Re-running with no redirection of stdout/stderr.
Flavor: r-devel-windows-x86_64-gcc10-UCRT