CRAN Package Check Results for Package openMSE

Last updated on 2021-09-17 04:49:27 CEST.

Flavor Version Tinstall Tcheck Ttotal Status Flags
r-devel-linux-x86_64-debian-clang 1.0.0 12.35 98.35 110.70 NOTE
r-devel-linux-x86_64-debian-gcc 1.0.0 9.38 73.05 82.43 NOTE
r-devel-linux-x86_64-fedora-clang 1.0.0 138.39 NOTE
r-devel-linux-x86_64-fedora-gcc 1.0.0 123.63 NOTE
r-devel-windows-x86_64 1.0.0 13.00 124.00 137.00 NOTE
r-devel-windows-x86_64-gcc10-UCRT 1.0.0 NOTE
r-patched-linux-x86_64 1.0.0 9.69 91.90 101.59 NOTE
r-patched-solaris-x86 1.0.0 196.00 NOTE
r-release-linux-x86_64 1.0.0 9.57 91.38 100.95 NOTE
r-release-macos-arm64 1.0.0 NOTE
r-release-macos-x86_64 1.0.0 NOTE
r-release-windows-ix86+x86_64 1.0.0 27.00 83.00 110.00 NOTE
r-oldrel-macos-x86_64 1.0.0 OK
r-oldrel-windows-ix86+x86_64 1.0.0 26.00 104.00 130.00 OK

Check Details

Version: 1.0.0
Check: LazyData
Result: NOTE
     'LazyData' is specified without a 'data' directory
Flavors: r-devel-linux-x86_64-debian-clang, r-devel-linux-x86_64-debian-gcc, r-devel-linux-x86_64-fedora-clang, r-devel-linux-x86_64-fedora-gcc, r-devel-windows-x86_64, r-devel-windows-x86_64-gcc10-UCRT, r-patched-linux-x86_64, r-patched-solaris-x86, r-release-linux-x86_64, r-release-macos-arm64, r-release-macos-x86_64, r-release-windows-ix86+x86_64