CRAN Package Check Results for Package openblender

Last updated on 2021-10-18 19:51:44 CEST.

Flavor Version Tinstall Tcheck Ttotal Status Flags
r-devel-linux-x86_64-debian-clang 0.5.81 2.45 25.02 27.47 NOTE
r-devel-linux-x86_64-debian-gcc 0.5.81 2.12 19.89 22.01 NOTE
r-devel-linux-x86_64-fedora-clang 0.5.81 43.75 NOTE
r-devel-linux-x86_64-fedora-gcc 0.5.81 32.55 NOTE
r-devel-windows-x86_64 0.5.81 5.00 43.00 48.00 NOTE
r-devel-windows-x86_64-gcc10-UCRT 0.5.81 NOTE
r-patched-linux-x86_64 0.5.81 2.73 24.29 27.02 NOTE
r-patched-solaris-x86 0.5.81 51.90 NOTE
r-release-linux-x86_64 0.5.81 2.62 23.99 26.61 NOTE
r-release-macos-arm64 0.5.81 NOTE
r-release-macos-x86_64 0.5.81 NOTE
r-release-windows-ix86+x86_64 0.5.81 5.00 41.00 46.00 NOTE
r-oldrel-macos-x86_64 0.5.81 OK
r-oldrel-windows-ix86+x86_64 0.5.81 8.00 44.00 52.00 OK

Check Details

Version: 0.5.81
Check: LazyData
Result: NOTE
     'LazyData' is specified without a 'data' directory
Flavors: r-devel-linux-x86_64-debian-clang, r-devel-linux-x86_64-debian-gcc, r-devel-linux-x86_64-fedora-clang, r-devel-linux-x86_64-fedora-gcc, r-devel-windows-x86_64, r-devel-windows-x86_64-gcc10-UCRT, r-patched-linux-x86_64, r-patched-solaris-x86, r-release-linux-x86_64, r-release-macos-arm64, r-release-macos-x86_64, r-release-windows-ix86+x86_64