CRAN Package Check Results for Package optbdmaeAT

Last updated on 2021-11-27 03:58:05 CET.

Flavor Version Tinstall Tcheck Ttotal Status Flags
r-devel-linux-x86_64-debian-clang 1.0.1 11.85 72.67 84.52 NOTE
r-devel-linux-x86_64-debian-gcc 1.0.1 7.82 58.31 66.13 NOTE
r-devel-linux-x86_64-fedora-clang 1.0.1 114.88 NOTE
r-devel-linux-x86_64-fedora-gcc 1.0.1 104.75 NOTE
r-devel-windows-x86_64-new-UL 1.0.1 17.00 125.00 142.00 OK
r-devel-windows-x86_64-new-TK 1.0.1 OK
r-devel-windows-x86_64-old 1.0.1 10.00 89.00 99.00 OK
r-patched-linux-x86_64 1.0.1 12.72 72.31 85.03 NOTE
r-patched-solaris-x86 1.0.1 155.30 NOTE
r-release-linux-x86_64 1.0.1 NOTE
r-release-macos-arm64 1.0.1 OK
r-release-macos-x86_64 1.0.1 OK
r-release-windows-ix86+x86_64 1.0.1 21.00 62.00 83.00 OK
r-oldrel-macos-x86_64 1.0.1 OK
r-oldrel-windows-ix86+x86_64 1.0.1 15.00 93.00 108.00 OK

Check Details

Version: 1.0.1
Check: for non-standard things in the check directory
Result: NOTE
    Found the following files/directories:
     'Graph_layout_Doptbd_trtE'
Flavors: r-devel-linux-x86_64-debian-clang, r-devel-linux-x86_64-debian-gcc, r-devel-linux-x86_64-fedora-clang, r-devel-linux-x86_64-fedora-gcc, r-patched-linux-x86_64, r-patched-solaris-x86, r-release-linux-x86_64