CRAN Package Check Results for Package optiSel

Last updated on 2021-09-22 10:51:47 CEST.

Flavor Version Tinstall Tcheck Ttotal Status Flags
r-devel-linux-x86_64-debian-clang 2.0.5 175.62 248.43 424.05 OK
r-devel-linux-x86_64-debian-gcc 2.0.5 117.57 188.57 306.14 OK
r-devel-linux-x86_64-fedora-clang 2.0.5 553.89 NOTE
r-devel-linux-x86_64-fedora-gcc 2.0.5 510.99 OK
r-devel-windows-x86_64 2.0.5 167.00 226.00 393.00 OK
r-devel-windows-x86_64-gcc10-UCRT 2.0.5 ERROR
r-patched-linux-x86_64 2.0.5 143.56 241.03 384.59 OK
r-patched-solaris-x86 2.0.5 632.70 OK
r-release-linux-x86_64 2.0.5 148.11 241.67 389.78 OK
r-release-macos-arm64 2.0.5 NOTE
r-release-macos-x86_64 2.0.5 NOTE
r-release-windows-ix86+x86_64 2.0.5 400.00 298.00 698.00 NOTE
r-oldrel-macos-x86_64 2.0.5 NOTE
r-oldrel-windows-ix86+x86_64 2.0.5 311.00 297.00 608.00 NOTE

Check Details

Version: 2.0.5
Check: installed package size
Result: NOTE
     installed size is 5.5Mb
     sub-directories of 1Mb or more:
     extdata 1.8Mb
     libs 2.6Mb
Flavors: r-devel-linux-x86_64-fedora-clang, r-release-macos-arm64, r-release-macos-x86_64, r-release-windows-ix86+x86_64, r-oldrel-macos-x86_64, r-oldrel-windows-ix86+x86_64

Version: 2.0.5
Check: Rd cross-references
Result: NOTE
    Undeclared packages ‘alabama’, ‘cccp’, ‘nloptr’ in Rd xrefs
Flavor: r-devel-linux-x86_64-fedora-clang

Version: 2.0.5
Check: package dependencies
Result: ERROR
    Package required but not available: 'optiSolve'
    
    See section 'The DESCRIPTION file' in the 'Writing R Extensions'
    manual.
Flavor: r-devel-windows-x86_64-gcc10-UCRT