CRAN Package Check Results for Package optim.functions

Last updated on 2021-10-19 10:51:00 CEST.

Flavor Version Tinstall Tcheck Ttotal Status Flags
r-devel-linux-x86_64-debian-clang 0.1 2.18 22.81 24.99 NOTE
r-devel-linux-x86_64-debian-gcc 0.1 1.87 17.51 19.38 NOTE
r-devel-linux-x86_64-fedora-clang 0.1 40.53 NOTE
r-devel-linux-x86_64-fedora-gcc 0.1 29.78 NOTE
r-devel-windows-x86_64 0.1 4.00 42.00 46.00 NOTE
r-devel-windows-x86_64-gcc10-UCRT 0.1 NOTE
r-patched-linux-x86_64 0.1 2.08 21.62 23.70 NOTE
r-patched-solaris-x86 0.1 50.40 NOTE
r-release-linux-x86_64 0.1 2.20 22.16 24.36 NOTE
r-release-macos-arm64 0.1 NOTE
r-release-macos-x86_64 0.1 NOTE
r-release-windows-ix86+x86_64 0.1 4.00 41.00 45.00 NOTE
r-oldrel-macos-x86_64 0.1 OK
r-oldrel-windows-ix86+x86_64 0.1 5.00 37.00 42.00 OK

Check Details

Version: 0.1
Check: LazyData
Result: NOTE
     'LazyData' is specified without a 'data' directory
Flavors: r-devel-linux-x86_64-debian-clang, r-devel-linux-x86_64-debian-gcc, r-devel-linux-x86_64-fedora-clang, r-devel-linux-x86_64-fedora-gcc, r-devel-windows-x86_64, r-devel-windows-x86_64-gcc10-UCRT, r-patched-linux-x86_64, r-patched-solaris-x86, r-release-linux-x86_64, r-release-macos-arm64, r-release-macos-x86_64, r-release-windows-ix86+x86_64