CRAN Package Check Results for Package orderbook

Last updated on 2021-11-27 03:58:05 CET.

Flavor Version Tinstall Tcheck Ttotal Status Flags
r-devel-linux-x86_64-debian-clang 1.03 5.49 60.88 66.37 NOTE
r-devel-linux-x86_64-debian-gcc 1.03 3.87 46.77 50.64 NOTE
r-devel-linux-x86_64-fedora-clang 1.03 94.05 NOTE
r-devel-linux-x86_64-fedora-gcc 1.03 82.14 NOTE
r-devel-windows-x86_64-new-UL 1.03 17.00 125.00 142.00 NOTE
r-devel-windows-x86_64-new-TK 1.03 NOTE
r-devel-windows-x86_64-old 1.03 11.00 95.00 106.00 NOTE
r-patched-linux-x86_64 1.03 4.93 58.93 63.86 NOTE
r-patched-solaris-x86 1.03 116.10 NOTE
r-release-linux-x86_64 1.03 NOTE
r-release-macos-arm64 1.03 NOTE
r-release-macos-x86_64 1.03 NOTE
r-release-windows-ix86+x86_64 1.03 13.00 75.00 88.00 NOTE
r-oldrel-macos-x86_64 1.03 NOTE
r-oldrel-windows-ix86+x86_64 1.03 9.00 96.00 105.00 NOTE

Check Details

Version: 1.03
Check: dependencies in R code
Result: NOTE
    'library' or 'require' call to 'methods' which was already attached by Depends.
     Please remove these calls from your code.
    Packages in Depends field not imported from:
     'grid' 'lattice' 'methods'
     These packages need to be imported from (in the NAMESPACE file)
     for when this namespace is loaded but not attached.
Flavors: r-devel-linux-x86_64-debian-clang, r-devel-linux-x86_64-debian-gcc, r-devel-linux-x86_64-fedora-clang, r-devel-linux-x86_64-fedora-gcc, r-devel-windows-x86_64-new-UL, r-devel-windows-x86_64-new-TK, r-devel-windows-x86_64-old, r-patched-linux-x86_64, r-patched-solaris-x86, r-release-linux-x86_64, r-release-macos-arm64, r-release-macos-x86_64, r-release-windows-ix86+x86_64, r-oldrel-macos-x86_64, r-oldrel-windows-ix86+x86_64

Version: 1.03
Check: R code for possible problems
Result: NOTE
    File 'orderbook/R/AllGenerics.R':
     .onLoad calls:
     require(methods)
    
    Package startup functions should not change the search path.
    See section 'Good practice' in '?.onAttach'.
    
    .animate.plot : new.yscale.components: no visible global function
     definition for 'yscale.components.default'
    .animate.plot: no visible global function definition for 'barchart'
    .combine.size: no visible global function definition for 'aggregate'
    .plot.ob : new.yscale.components: no visible global function definition
     for 'yscale.components.default'
    .plot.ob: no visible global function definition for 'xyplot'
    .plot.ob : <anonymous>: no visible global function definition for
     'panel.xyplot'
    .plot.ob : <anonymous>: no visible global function definition for
     'panel.lines'
    .plot.orders.ob : new.yscale.components: no visible global function
     definition for 'yscale.components.default'
    .plot.orders.ob: no visible global function definition for 'xyplot'
    .plot.orders.ob : <anonymous>: no visible global function definition
     for 'panel.xyplot'
    .plot.orders.ob : <anonymous>: no visible global function definition
     for 'panel.lines'
    .plot.side.ob : new.yscale.components: no visible global function
     definition for 'yscale.components.default'
    .plot.side.ob: no visible global function definition for 'barchart'
    .plot.side.ob: no visible global function definition for
     'trellis.focus'
    .plot.side.ob: no visible global function definition for 'grid.text'
    .plot.side.ob: no visible global function definition for
     'trellis.unfocus'
    .supply.demand.plot: no visible global function definition for 'xyplot'
    .supply.demand.plot : <anonymous>: no visible global function
     definition for 'panel.xyplot'
    .supply.demand.plot : <anonymous>: no visible global function
     definition for 'panel.abline'
    copy,orderbook: no visible global function definition for 'hash'
    reset,orderbook: no visible global function definition for 'clear'
    Undefined global functions or variables:
     aggregate barchart clear grid.text hash panel.abline panel.lines
     panel.xyplot trellis.focus trellis.unfocus xyplot
     yscale.components.default
    Consider adding
     importFrom("stats", "aggregate")
    to your NAMESPACE file.
Flavors: r-devel-linux-x86_64-debian-clang, r-devel-linux-x86_64-debian-gcc, r-devel-linux-x86_64-fedora-clang, r-devel-linux-x86_64-fedora-gcc, r-devel-windows-x86_64-new-UL, r-devel-windows-x86_64-new-TK, r-devel-windows-x86_64-old, r-patched-linux-x86_64, r-patched-solaris-x86, r-release-linux-x86_64, r-release-macos-arm64, r-release-macos-x86_64, r-release-windows-ix86+x86_64, r-oldrel-macos-x86_64, r-oldrel-windows-ix86+x86_64