CRAN Package Check Results for Package ordinalForest

Last updated on 2021-09-22 01:48:58 CEST.

Flavor Version Tinstall Tcheck Ttotal Status Flags
r-devel-linux-x86_64-debian-clang 2.4-2 94.09 34.12 128.21 OK
r-devel-linux-x86_64-debian-gcc 2.4-2 62.14 26.79 88.93 OK
r-devel-linux-x86_64-fedora-clang 2.4-2 198.44 NOTE
r-devel-linux-x86_64-fedora-gcc 2.4-2 155.29 OK
r-devel-windows-x86_64 2.4-2 79.00 48.00 127.00 OK
r-devel-windows-x86_64-gcc10-UCRT 2.4-2 ERROR
r-patched-linux-x86_64 2.4-2 71.28 32.98 104.26 OK
r-patched-solaris-x86 2.4-2 157.70 OK
r-release-linux-x86_64 2.4-2 64.40 33.26 97.66 OK
r-release-macos-arm64 2.4-2 NOTE
r-release-macos-x86_64 2.4-2 NOTE
r-release-windows-ix86+x86_64 2.4-2 205.00 64.00 269.00 OK
r-oldrel-macos-x86_64 2.4-2 NOTE
r-oldrel-windows-ix86+x86_64 2.4-2 207.00 64.00 271.00 OK

Check Details

Version: 2.4-2
Check: installed package size
Result: NOTE
     installed size is 5.0Mb
     sub-directories of 1Mb or more:
     libs 4.9Mb
Flavors: r-devel-linux-x86_64-fedora-clang, r-release-macos-arm64, r-release-macos-x86_64, r-oldrel-macos-x86_64

Version: 2.4-2
Check: whether package can be installed
Result: ERROR
    Installation failed.
Flavor: r-devel-windows-x86_64-gcc10-UCRT