CRAN Package Check Results for Package osfr

Last updated on 2021-09-18 22:53:09 CEST.

Flavor Version Tinstall Tcheck Ttotal Status Flags
r-devel-linux-x86_64-debian-clang 0.2.8 5.78 60.05 65.83 NOTE
r-devel-linux-x86_64-debian-gcc 0.2.8 4.27 44.70 48.97 NOTE
r-devel-linux-x86_64-fedora-clang 0.2.8 84.93 NOTE
r-devel-linux-x86_64-fedora-gcc 0.2.8 73.84 NOTE
r-devel-windows-x86_64 0.2.8 8.00 85.00 93.00 NOTE
r-devel-windows-x86_64-gcc10-UCRT 0.2.8 NOTE
r-patched-linux-x86_64 0.2.8 6.17 56.16 62.33 NOTE
r-patched-solaris-x86 0.2.8 111.60 NOTE
r-release-linux-x86_64 0.2.8 4.55 56.50 61.05 NOTE
r-release-macos-arm64 0.2.8 NOTE
r-release-macos-x86_64 0.2.8 NOTE
r-release-windows-ix86+x86_64 0.2.8 15.00 62.00 77.00 NOTE
r-oldrel-macos-x86_64 0.2.8 OK
r-oldrel-windows-ix86+x86_64 0.2.8 15.00 61.00 76.00 OK

Check Details

Version: 0.2.8
Check: LazyData
Result: NOTE
     'LazyData' is specified without a 'data' directory
Flavors: r-devel-linux-x86_64-debian-clang, r-devel-linux-x86_64-debian-gcc, r-devel-linux-x86_64-fedora-clang, r-devel-linux-x86_64-fedora-gcc, r-devel-windows-x86_64, r-devel-windows-x86_64-gcc10-UCRT, r-patched-linux-x86_64, r-patched-solaris-x86, r-release-linux-x86_64, r-release-macos-arm64, r-release-macos-x86_64, r-release-windows-ix86+x86_64