CRAN Package Check Results for Package osqp

Last updated on 2021-09-23 10:53:37 CEST.

Flavor Version Tinstall Tcheck Ttotal Status Flags
r-devel-linux-x86_64-debian-clang 0.6.0.3 32.88 64.91 97.79 OK
r-devel-linux-x86_64-debian-gcc 0.6.0.3 26.55 50.42 76.97 OK
r-devel-linux-x86_64-fedora-clang 0.6.0.3 143.51 OK
r-devel-linux-x86_64-fedora-gcc 0.6.0.3 128.91 OK
r-devel-windows-x86_64 0.6.0.3 44.00 73.00 117.00 OK
r-devel-windows-x86_64-gcc10-UCRT 0.6.0.3 ERROR
r-patched-linux-x86_64 0.6.0.3 31.30 62.64 93.94 OK
r-patched-solaris-x86 0.6.0.3 151.90 OK
r-release-linux-x86_64 0.6.0.3 28.85 63.36 92.21 OK
r-release-macos-arm64 0.6.0.3 OK
r-release-macos-x86_64 0.6.0.3 OK
r-release-windows-ix86+x86_64 0.6.0.3 107.00 100.00 207.00 OK
r-oldrel-macos-x86_64 0.6.0.3 OK
r-oldrel-windows-ix86+x86_64 0.6.0.3 73.00 94.00 167.00 OK

Check Details

Version: 0.6.0.3
Check: whether package can be installed
Result: ERROR
    Installation failed.
Flavor: r-devel-windows-x86_64-gcc10-UCRT