CRAN Package Check Results for Package outreg

Last updated on 2021-09-26 22:48:40 CEST.

Flavor Version Tinstall Tcheck Ttotal Status Flags
r-devel-linux-x86_64-debian-clang 0.2.2 2.73 36.58 39.31 NOTE
r-devel-linux-x86_64-debian-gcc 0.2.2 2.36 28.08 30.44 NOTE
r-devel-linux-x86_64-fedora-clang 0.2.2 58.35 NOTE
r-devel-linux-x86_64-fedora-gcc 0.2.2 44.40 NOTE
r-devel-windows-x86_64 0.2.2 3.00 42.00 45.00 NOTE
r-devel-windows-x86_64-gcc10-UCRT 0.2.2 NOTE
r-patched-linux-x86_64 0.2.2 3.07 34.34 37.41 NOTE
r-patched-solaris-x86 0.2.2 71.30 NOTE
r-release-linux-x86_64 0.2.2 2.90 34.95 37.85 NOTE
r-release-macos-arm64 0.2.2 NOTE
r-release-macos-x86_64 0.2.2 NOTE
r-release-windows-ix86+x86_64 0.2.2 6.00 45.00 51.00 NOTE
r-oldrel-macos-x86_64 0.2.2 OK
r-oldrel-windows-ix86+x86_64 0.2.2 4.00 40.00 44.00 OK

Check Details

Version: 0.2.2
Check: LazyData
Result: NOTE
     'LazyData' is specified without a 'data' directory
Flavors: r-devel-linux-x86_64-debian-clang, r-devel-linux-x86_64-debian-gcc, r-devel-linux-x86_64-fedora-clang, r-devel-linux-x86_64-fedora-gcc, r-devel-windows-x86_64, r-devel-windows-x86_64-gcc10-UCRT, r-patched-linux-x86_64, r-patched-solaris-x86, r-release-linux-x86_64, r-release-macos-arm64, r-release-macos-x86_64, r-release-windows-ix86+x86_64