CRAN Package Check Results for Package outsider.base

Last updated on 2021-10-21 16:49:52 CEST.

Flavor Version Tinstall Tcheck Ttotal Status Flags
r-devel-linux-x86_64-debian-clang 0.1.4 3.31 30.00 33.31 OK
r-devel-linux-x86_64-debian-gcc 0.1.4 2.45 23.38 25.83 OK
r-devel-linux-x86_64-fedora-clang 0.1.4 51.78 OK
r-devel-linux-x86_64-fedora-gcc 0.1.4 63.68 OK
r-devel-windows-x86_64 0.1.4 6.00 54.00 60.00 OK
r-devel-windows-x86_64-gcc10-UCRT 0.1.4 OK
r-patched-linux-x86_64 0.1.4 3.47 29.64 33.11 OK
r-patched-solaris-x86 0.1.4 63.10 NOTE
r-release-linux-x86_64 0.1.4 2.90 29.45 32.35 OK
r-release-macos-arm64 0.1.4 OK
r-release-macos-x86_64 0.1.4 OK
r-release-windows-ix86+x86_64 0.1.4 8.00 51.00 59.00 OK
r-oldrel-macos-x86_64 0.1.4 OK
r-oldrel-windows-ix86+x86_64 0.1.4 8.00 48.00 56.00 OK

Check Details

Version: 0.1.4
Check: package dependencies
Result: NOTE
    Package suggested but not available for checking: ‘ssh’
Flavor: r-patched-solaris-x86