CRAN Package Check Results for Package owdbr

Last updated on 2021-10-17 07:50:51 CEST.

Flavor Version Tinstall Tcheck Ttotal Status Flags
r-devel-linux-x86_64-debian-clang 1.0.1.1 3.08 30.09 33.17 NOTE
r-devel-linux-x86_64-debian-gcc 1.0.1.1 2.48 23.62 26.10 NOTE
r-devel-linux-x86_64-fedora-clang 1.0.1.1 50.61 NOTE
r-devel-linux-x86_64-fedora-gcc 1.0.1.1 39.33 NOTE
r-devel-windows-x86_64 1.0.1.1 5.00 51.00 56.00 NOTE
r-devel-windows-x86_64-gcc10-UCRT 1.0.1.1 NOTE
r-patched-linux-x86_64 1.0.1.1 3.30 28.91 32.21 NOTE
r-patched-solaris-x86 1.0.1.1 63.30 NOTE
r-release-linux-x86_64 1.0.1.1 3.11 28.80 31.91 NOTE
r-release-macos-arm64 1.0.1.1 NOTE
r-release-macos-x86_64 1.0.1.1 NOTE
r-release-windows-ix86+x86_64 1.0.1.1 7.00 48.00 55.00 NOTE
r-oldrel-macos-x86_64 1.0.1.1 OK
r-oldrel-windows-ix86+x86_64 1.0.1.1 8.00 48.00 56.00 OK

Check Details

Version: 1.0.1.1
Check: LazyData
Result: NOTE
     'LazyData' is specified without a 'data' directory
Flavors: r-devel-linux-x86_64-debian-clang, r-devel-linux-x86_64-debian-gcc, r-devel-linux-x86_64-fedora-clang, r-devel-linux-x86_64-fedora-gcc, r-devel-windows-x86_64, r-devel-windows-x86_64-gcc10-UCRT, r-patched-linux-x86_64, r-patched-solaris-x86, r-release-linux-x86_64, r-release-macos-arm64, r-release-macos-x86_64, r-release-windows-ix86+x86_64