CRAN Package Check Results for Package owmr

Last updated on 2021-09-19 04:53:16 CEST.

Flavor Version Tinstall Tcheck Ttotal Status Flags
r-devel-linux-x86_64-debian-clang 0.8.2 3.78 29.07 32.85 OK
r-devel-linux-x86_64-debian-gcc 0.8.2 3.04 23.26 26.30 OK
r-devel-linux-x86_64-fedora-clang 0.8.2 48.01 OK
r-devel-linux-x86_64-fedora-gcc 0.8.2 47.96 OK
r-devel-windows-x86_64 0.8.2 6.00 40.00 46.00 OK
r-devel-windows-x86_64-gcc10-UCRT 0.8.2 ERROR
r-patched-linux-x86_64 0.8.2 3.43 28.24 31.67 OK
r-patched-solaris-x86 0.8.2 61.00 OK
r-release-linux-x86_64 0.8.2 3.47 28.28 31.75 OK
r-release-macos-arm64 0.8.2 OK
r-release-macos-x86_64 0.8.2 OK
r-release-windows-ix86+x86_64 0.8.2 7.00 38.00 45.00 OK
r-oldrel-macos-x86_64 0.8.2 OK
r-oldrel-windows-ix86+x86_64 0.8.2 8.00 37.00 45.00 OK

Check Details

Version: 0.8.2
Check: whether package can be installed
Result: WARN
    Found the following significant warnings:
     WARNING: installation-time patches will not be applied, could not get the patches index
Flavor: r-devel-windows-x86_64-gcc10-UCRT

Version: 0.8.2
Check: PDF version of manual
Result: WARN
    LaTeX errors when creating PDF version.
    This typically indicates Rd problems.
Flavor: r-devel-windows-x86_64-gcc10-UCRT

Version: 0.8.2
Check: PDF version of manual without hyperrefs or index
Result: ERROR
    Re-running with no redirection of stdout/stderr.
Flavor: r-devel-windows-x86_64-gcc10-UCRT