CRAN Package Check Results for Package pageviews

Last updated on 2021-10-28 13:58:19 CEST.

Flavor Version Tinstall Tcheck Ttotal Status Flags
r-devel-linux-x86_64-debian-clang 0.5.0 2.12 31.59 33.71 NOTE
r-devel-linux-x86_64-debian-gcc 0.5.0 1.69 25.09 26.78 NOTE
r-devel-linux-x86_64-fedora-clang 0.5.0 51.29 NOTE
r-devel-linux-x86_64-fedora-gcc 0.5.0 40.90 NOTE
r-devel-windows-x86_64 0.5.0 5.00 46.00 51.00 NOTE
r-devel-windows-x86_64-gcc10-UCRT 0.5.0 NOTE
r-patched-linux-x86_64 0.5.0 2.40 30.74 33.14 NOTE
r-patched-solaris-x86 0.5.0 67.90 NOTE
r-release-linux-x86_64 0.5.0 2.23 30.79 33.02 NOTE
r-release-macos-arm64 0.5.0 NOTE
r-release-macos-x86_64 0.5.0 NOTE
r-release-windows-ix86+x86_64 0.5.0 6.00 63.00 69.00 NOTE
r-oldrel-macos-x86_64 0.5.0 OK
r-oldrel-windows-ix86+x86_64 0.5.0 4.00 47.00 51.00 OK

Check Details

Version: 0.5.0
Check: LazyData
Result: NOTE
     'LazyData' is specified without a 'data' directory
Flavors: r-devel-linux-x86_64-debian-clang, r-devel-linux-x86_64-debian-gcc, r-devel-linux-x86_64-fedora-clang, r-devel-linux-x86_64-fedora-gcc, r-devel-windows-x86_64, r-devel-windows-x86_64-gcc10-UCRT, r-patched-linux-x86_64, r-patched-solaris-x86, r-release-linux-x86_64, r-release-macos-arm64, r-release-macos-x86_64, r-release-windows-ix86+x86_64