CRAN Package Check Results for Package paleotree

Last updated on 2021-10-28 01:48:57 CEST.

Flavor Version Tinstall Tcheck Ttotal Status Flags
r-devel-linux-x86_64-debian-clang 3.3.25 27.58 421.33 448.91 OK
r-devel-linux-x86_64-debian-gcc 3.3.25 19.77 292.16 311.93 OK
r-devel-linux-x86_64-fedora-clang 3.3.25 511.34 NOTE
r-devel-linux-x86_64-fedora-gcc 3.3.25 516.38 NOTE
r-devel-windows-x86_64 3.3.25 40.00 348.00 388.00 OK
r-devel-windows-x86_64-gcc10-UCRT 3.3.25 NOTE
r-patched-linux-x86_64 3.3.25 32.15 386.74 418.89 OK
r-patched-solaris-x86 3.3.25 599.80 NOTE
r-release-linux-x86_64 3.3.25 23.37 394.98 418.35 OK
r-release-macos-arm64 3.3.25 NOTE
r-release-macos-x86_64 3.3.25 NOTE
r-release-windows-ix86+x86_64 3.3.25 32.00 497.00 529.00 OK
r-oldrel-macos-x86_64 3.3.25 NOTE
r-oldrel-windows-ix86+x86_64 3.3.25 36.00 457.00 493.00 OK

Check Details

Version: 3.3.25
Check: data for non-ASCII characters
Result: NOTE
     Note: found 9 marked UTF-8 strings
Flavors: r-devel-linux-x86_64-fedora-clang, r-devel-linux-x86_64-fedora-gcc, r-devel-windows-x86_64-gcc10-UCRT, r-patched-solaris-x86, r-release-macos-arm64, r-release-macos-x86_64, r-oldrel-macos-x86_64