CRAN Package Check Results for Package parallelPlot

Last updated on 2021-10-17 10:49:23 CEST.

Flavor Version Tinstall Tcheck Ttotal Status Flags
r-devel-linux-x86_64-debian-clang 0.1.0 2.74 29.65 32.39 NOTE
r-devel-linux-x86_64-debian-gcc 0.1.0 1.97 23.58 25.55 NOTE
r-devel-linux-x86_64-fedora-clang 0.1.0 49.94 NOTE
r-devel-linux-x86_64-fedora-gcc 0.1.0 39.81 NOTE
r-devel-windows-x86_64 0.1.0 5.00 56.00 61.00 NOTE
r-devel-windows-x86_64-gcc10-UCRT 0.1.0 NOTE
r-patched-linux-x86_64 0.1.0 2.77 29.05 31.82 NOTE
r-patched-solaris-x86 0.1.0 64.80 NOTE
r-release-linux-x86_64 0.1.0 2.57 28.87 31.44 NOTE
r-release-macos-arm64 0.1.0 NOTE
r-release-macos-x86_64 0.1.0 WARN
r-release-windows-ix86+x86_64 0.1.0 5.00 50.00 55.00 NOTE
r-oldrel-macos-x86_64 0.1.0 WARN
r-oldrel-windows-ix86+x86_64 0.1.0 7.00 63.00 70.00 OK

Check Details

Version: 0.1.0
Check: LazyData
Result: NOTE
     'LazyData' is specified without a 'data' directory
Flavors: r-devel-linux-x86_64-debian-clang, r-devel-linux-x86_64-debian-gcc, r-devel-linux-x86_64-fedora-clang, r-devel-linux-x86_64-fedora-gcc, r-devel-windows-x86_64, r-devel-windows-x86_64-gcc10-UCRT, r-patched-linux-x86_64, r-patched-solaris-x86, r-release-linux-x86_64, r-release-macos-arm64, r-release-macos-x86_64, r-release-windows-ix86+x86_64

Version: 0.1.0
Check: re-building of vignette outputs
Result: WARN
    Error(s) in re-building vignettes:
     ...
    --- re-building ‘introduction-to-parallelplot.Rmd’ using rmarkdown
    Warning in engine$weave(file, quiet = quiet, encoding = enc) :
     Pandoc (>= 1.12.3) not available. Falling back to R Markdown v1.
    Quitting from lines 25-26 (introduction-to-parallelplot.Rmd)
    Error: processing vignette 'introduction-to-parallelplot.Rmd' failed with diagnostics:
    invalid 'path' argument
    --- failed re-building ‘introduction-to-parallelplot.Rmd’
    
    SUMMARY: processing the following file failed:
     ‘introduction-to-parallelplot.Rmd’
    
    Error: Vignette re-building failed.
    Execution halted
Flavor: r-release-macos-x86_64

Version: 0.1.0
Check: re-building of vignette outputs
Result: WARN
    Error(s) in re-building vignettes:
     ...
    --- re-building ‘introduction-to-parallelplot.Rmd’ using rmarkdown
    Warning in engine$weave(file, quiet = quiet, encoding = enc) :
     Pandoc (>= 1.12.3) and/or pandoc-citeproc not available. Falling back to R Markdown v1.
    Quitting from lines 25-26 (introduction-to-parallelplot.Rmd)
    Error: processing vignette 'introduction-to-parallelplot.Rmd' failed with diagnostics:
    cannot open the connection
    --- failed re-building ‘introduction-to-parallelplot.Rmd’
    
    SUMMARY: processing the following file failed:
     ‘introduction-to-parallelplot.Rmd’
    
    Error: Vignette re-building failed.
    Execution halted
Flavor: r-oldrel-macos-x86_64