CRAN Package Check Results for Package parma

Last updated on 2021-10-28 13:58:19 CEST.

Flavor Version Tinstall Tcheck Ttotal Status Flags
r-devel-linux-x86_64-debian-clang 1.5-3 18.54 84.69 103.23 OK
r-devel-linux-x86_64-debian-gcc 1.5-3 15.98 63.53 79.51 OK
r-devel-linux-x86_64-fedora-clang 1.5-3 136.81 NOTE
r-devel-linux-x86_64-fedora-gcc 1.5-3 125.24 NOTE
r-devel-windows-x86_64 1.5-3 30.00 78.00 108.00 OK
r-devel-windows-x86_64-gcc10-UCRT 1.5-3 OK
r-patched-linux-x86_64 1.5-3 18.44 81.55 99.99 OK
r-patched-solaris-x86 1.5-3 161.10 NOTE
r-release-linux-x86_64 1.5-3 15.62 81.84 97.46 OK
r-release-macos-arm64 1.5-3 NOTE
r-release-macos-x86_64 1.5-3 OK
r-release-windows-ix86+x86_64 1.5-3 26.00 116.00 142.00 OK
r-oldrel-macos-x86_64 1.5-3 NOTE
r-oldrel-windows-ix86+x86_64 1.5-3 26.00 114.00 140.00 OK

Check Details

Version: 1.5-3
Check: compiled code
Result: NOTE
    File ‘parma/libs/parma.so’:
     Found no calls to: ‘R_registerRoutines’, ‘R_useDynamicSymbols’
    
    It is good practice to register native routines and to disable symbol
    search.
    
    See ‘Writing portable packages’ in the ‘Writing R Extensions’ manual.
Flavors: r-devel-linux-x86_64-fedora-clang, r-devel-linux-x86_64-fedora-gcc

Version: 1.5-3
Check: package dependencies
Result: NOTE
    Package suggested but not available for checking: ‘Rsymphony’
Flavors: r-patched-solaris-x86, r-release-macos-arm64, r-oldrel-macos-x86_64