CRAN Package Check Results for Package pathfindR.data

Last updated on 2024-04-23 10:54:11 CEST.

Flavor Version Tinstall Tcheck Ttotal Status Flags
r-devel-linux-x86_64-debian-clang 2.0.0 25.83 35.67 61.50 OK
r-devel-linux-x86_64-debian-gcc 2.0.0 23.49 26.36 49.85 OK
r-devel-linux-x86_64-fedora-clang 2.0.0 82.27 NOTE
r-devel-linux-x86_64-fedora-gcc 2.0.0 77.33 NOTE
r-prerel-macos-arm64 2.0.0 37.00 NOTE
r-prerel-windows-x86_64 2.0.0 25.00 47.00 72.00 OK
r-patched-linux-x86_64 2.0.0 25.85 31.75 57.60 OK
r-release-linux-x86_64 2.0.0 23.88 32.33 56.21 OK
r-release-macos-arm64 2.0.0 39.00 NOTE
r-release-macos-x86_64 2.0.0 73.00 NOTE
r-release-windows-x86_64 2.0.0 27.00 48.00 75.00 OK
r-oldrel-macos-arm64 2.0.0 39.00 NOTE
r-oldrel-windows-x86_64 2.0.0 31.00 55.00 86.00 OK

Check Details

Version: 2.0.0
Check: installed package size
Result: NOTE installed size is 5.0Mb sub-directories of 1Mb or more: R 3.4Mb data 1.5Mb Flavors: r-devel-linux-x86_64-fedora-clang, r-prerel-macos-arm64, r-release-macos-arm64, r-release-macos-x86_64, r-oldrel-macos-arm64

Version: 2.0.0
Check: Rd cross-references
Result: NOTE Undeclared package ‘pathfindR’ in Rd xrefs Flavor: r-devel-linux-x86_64-fedora-clang

Version: 2.0.0
Check: data for non-ASCII characters
Result: NOTE Note: found 180 marked UTF-8 strings Flavors: r-devel-linux-x86_64-fedora-clang, r-devel-linux-x86_64-fedora-gcc