CRAN Package Check Results for Package patternator

Last updated on 2021-10-18 19:51:44 CEST.

Flavor Version Tinstall Tcheck Ttotal Status Flags
r-devel-linux-x86_64-debian-clang 0.1.0 2.43 27.30 29.73 OK
r-devel-linux-x86_64-debian-gcc 0.1.0 1.68 21.20 22.88 OK
r-devel-linux-x86_64-fedora-clang 0.1.0 46.92 NOTE
r-devel-linux-x86_64-fedora-gcc 0.1.0 37.23 NOTE
r-devel-windows-x86_64 0.1.0 4.00 50.00 54.00 OK
r-devel-windows-x86_64-gcc10-UCRT 0.1.0 NOTE
r-patched-linux-x86_64 0.1.0 2.38 26.24 28.62 OK
r-patched-solaris-x86 0.1.0 54.20 NOTE
r-release-linux-x86_64 0.1.0 2.46 26.42 28.88 OK
r-release-macos-arm64 0.1.0 NOTE
r-release-macos-x86_64 0.1.0 NOTE
r-release-windows-ix86+x86_64 0.1.0 4.00 47.00 51.00 OK
r-oldrel-macos-x86_64 0.1.0 NOTE
r-oldrel-windows-ix86+x86_64 0.1.0 6.00 46.00 52.00 OK

Check Details

Version: 0.1.0
Check: dependencies in R code
Result: NOTE
    Namespace in Imports field not imported from: ‘graphics’
     All declared Imports should be used.
Flavors: r-devel-linux-x86_64-fedora-clang, r-devel-linux-x86_64-fedora-gcc, r-devel-windows-x86_64-gcc10-UCRT, r-patched-solaris-x86, r-release-macos-arm64, r-release-macos-x86_64, r-oldrel-macos-x86_64