CRAN Package Check Results for Package pcFactorStan

Last updated on 2021-09-28 22:52:15 CEST.

Flavor Version Tinstall Tcheck Ttotal Status Flags
r-devel-linux-x86_64-debian-clang 1.5.2 1081.86 238.29 1320.15 NOTE
r-devel-linux-x86_64-debian-gcc 1.5.3 868.44 227.20 1095.64 NOTE
r-devel-linux-x86_64-fedora-clang 1.5.3 1911.09 NOTE
r-devel-linux-x86_64-fedora-gcc 1.5.3 2051.04 NOTE
r-devel-windows-x86_64 1.5.2 1140.00 377.00 1517.00 NOTE
r-devel-windows-x86_64-gcc10-UCRT 1.5.2 NOTE
r-patched-linux-x86_64 1.5.2 915.62 283.67 1199.29 NOTE
r-patched-solaris-x86 1.5.3 1573.90 NOTE
r-release-linux-x86_64 1.5.2 948.76 284.69 1233.45 NOTE
r-release-macos-arm64 1.5.2 NOTE
r-release-macos-x86_64 1.5.3 NOTE
r-release-windows-ix86+x86_64 1.5.2 2292.00 636.00 2928.00 NOTE
r-oldrel-macos-x86_64 1.5.3 NOTE
r-oldrel-windows-ix86+x86_64 1.5.3 845.00 284.00 1129.00 NOTE

Check Details

Version: 1.5.2
Check: for GNU extensions in Makefiles
Result: NOTE
    GNU make is a SystemRequirements.
Flavors: r-devel-linux-x86_64-debian-clang, r-devel-windows-x86_64, r-devel-windows-x86_64-gcc10-UCRT, r-patched-linux-x86_64, r-release-linux-x86_64, r-release-macos-arm64, r-release-windows-ix86+x86_64

Version: 1.5.3
Check: for GNU extensions in Makefiles
Result: NOTE
    GNU make is a SystemRequirements.
Flavors: r-devel-linux-x86_64-debian-gcc, r-devel-linux-x86_64-fedora-clang, r-devel-linux-x86_64-fedora-gcc, r-patched-solaris-x86, r-release-macos-x86_64, r-oldrel-macos-x86_64, r-oldrel-windows-ix86+x86_64

Version: 1.5.3
Check: installed package size
Result: NOTE
     installed size is 128.0Mb
     sub-directories of 1Mb or more:
     doc 2.9Mb
     libs 124.3Mb
Flavors: r-devel-linux-x86_64-fedora-clang, r-patched-solaris-x86, r-release-macos-x86_64, r-oldrel-macos-x86_64, r-oldrel-windows-ix86+x86_64

Version: 1.5.3
Check: dependencies in R code
Result: NOTE
    Namespace in Imports field not imported from: ‘rstantools’
     All declared Imports should be used.
Flavors: r-devel-linux-x86_64-fedora-clang, r-devel-linux-x86_64-fedora-gcc, r-patched-solaris-x86, r-release-macos-x86_64, r-oldrel-macos-x86_64

Version: 1.5.2
Check: installed package size
Result: NOTE
     installed size is 10.2Mb
     sub-directories of 1Mb or more:
     doc 2.9Mb
     libs 6.7Mb
Flavors: r-devel-windows-x86_64, r-release-macos-arm64, r-release-windows-ix86+x86_64

Version: 1.5.2
Check: line endings in C/C++/Fortran sources/headers
Result: NOTE
    Found the following sources/headers with CR or CRLF line endings:
     src/stan_files/correlation.hpp
     src/stan_files/correlation_ll.hpp
     src/stan_files/factor.hpp
     src/stan_files/factor1.hpp
     src/stan_files/factor1_ll.hpp
     src/stan_files/factor_ll.hpp
     src/stan_files/unidim.hpp
     src/stan_files/unidim_adapt.hpp
     src/stan_files/unidim_ll.hpp
    Some Unix compilers require LF line endings.
Flavor: r-devel-windows-x86_64-gcc10-UCRT