CRAN Package Check Results for Package pcadapt

Last updated on 2021-09-26 07:50:16 CEST.

Flavor Version Tinstall Tcheck Ttotal Status Flags
r-devel-linux-x86_64-debian-clang 4.3.3 101.75 56.10 157.85 NOTE
r-devel-linux-x86_64-debian-gcc 4.3.3 62.44 41.82 104.26 NOTE
r-devel-linux-x86_64-fedora-clang 4.3.3 223.19 NOTE
r-devel-linux-x86_64-fedora-gcc 4.3.3 185.19 NOTE
r-devel-windows-x86_64 4.3.3 115.00 66.00 181.00 NOTE
r-devel-windows-x86_64-gcc10-UCRT 4.3.3 NOTE
r-patched-linux-x86_64 4.3.3 80.82 51.76 132.58 NOTE
r-patched-solaris-x86 4.3.3 191.50 NOTE
r-release-linux-x86_64 4.3.3 74.83 51.86 126.69 NOTE
r-release-macos-arm64 4.3.3 NOTE
r-release-macos-x86_64 4.3.3 NOTE
r-release-windows-ix86+x86_64 4.3.3 264.00 88.00 352.00 NOTE
r-oldrel-macos-x86_64 4.3.3 NOTE
r-oldrel-windows-ix86+x86_64 4.3.3 191.00 80.00 271.00 NOTE

Check Details

Version: 4.3.3
Check: LazyData
Result: NOTE
     'LazyData' is specified without a 'data' directory
Flavors: r-devel-linux-x86_64-debian-clang, r-devel-linux-x86_64-debian-gcc, r-devel-linux-x86_64-fedora-clang, r-devel-linux-x86_64-fedora-gcc, r-devel-windows-x86_64, r-devel-windows-x86_64-gcc10-UCRT, r-patched-linux-x86_64, r-patched-solaris-x86, r-release-linux-x86_64, r-release-macos-arm64, r-release-macos-x86_64, r-release-windows-ix86+x86_64

Version: 4.3.3
Check: installed package size
Result: NOTE
     installed size is 6.2Mb
     sub-directories of 1Mb or more:
     extdata 2.7Mb
     libs 2.7Mb
Flavors: r-devel-linux-x86_64-fedora-clang, r-release-macos-arm64, r-release-macos-x86_64, r-release-windows-ix86+x86_64, r-oldrel-macos-x86_64, r-oldrel-windows-ix86+x86_64

Version: 4.3.3
Check: package dependencies
Result: NOTE
    Package suggested but not available for checking: ‘vcfR’
Flavor: r-oldrel-macos-x86_64