CRAN Package Check Results for Package pdfCluster

Last updated on 2021-12-04 06:51:02 CET.

Flavor Version Tinstall Tcheck Ttotal Status Flags
r-devel-linux-x86_64-debian-clang 1.0-3 7.68 60.45 68.13 OK
r-devel-linux-x86_64-debian-gcc 1.0-3 4.71 45.48 50.19 OK
r-devel-linux-x86_64-fedora-clang 1.0-3 84.79 NOTE
r-devel-linux-x86_64-fedora-gcc 1.0-3 73.18 OK
r-devel-windows-x86_64-new-UL 1.0-3 24.00 108.00 132.00 OK
r-devel-windows-x86_64-new-TK 1.0-3 OK
r-devel-windows-x86_64-old 1.0-3 16.00 60.00 76.00 OK
r-patched-linux-x86_64 1.0-3 8.29 49.76 58.05 OK
r-release-linux-x86_64 1.0-3 7.07 49.46 56.53 OK
r-release-macos-arm64 1.0-3 OK
r-release-macos-x86_64 1.0-3 OK
r-release-windows-ix86+x86_64 1.0-3 23.00 106.00 129.00 OK
r-oldrel-macos-x86_64 1.0-3 OK
r-oldrel-windows-ix86+x86_64 1.0-3 27.00 110.00 137.00 OK

Check Details

Version: 1.0-3
Check: Rd cross-references
Result: NOTE
    Undeclared packages ‘sm’, ‘spdep’ in Rd xrefs
Flavor: r-devel-linux-x86_64-fedora-clang