CRAN Package Check Results for Package pdp

Last updated on 2021-10-24 10:49:50 CEST.

Flavor Version Tinstall Tcheck Ttotal Status Flags
r-devel-linux-x86_64-debian-clang 0.7.0 8.43 72.68 81.11 OK
r-devel-linux-x86_64-debian-gcc 0.7.0 5.92 52.75 58.67 OK
r-devel-linux-x86_64-fedora-clang 0.7.0 104.29 NOTE
r-devel-linux-x86_64-fedora-gcc 0.7.0 90.10 OK
r-devel-windows-x86_64 0.7.0 15.00 92.00 107.00 OK
r-devel-windows-x86_64-gcc10-UCRT 0.7.0 OK
r-patched-linux-x86_64 0.7.0 8.08 67.42 75.50 OK
r-patched-solaris-x86 0.7.0 133.20 OK
r-release-linux-x86_64 0.7.0 6.01 66.85 72.86 OK
r-release-macos-arm64 0.7.0 OK
r-release-macos-x86_64 0.7.0 OK
r-release-windows-ix86+x86_64 0.7.0 17.00 122.00 139.00 OK
r-oldrel-macos-x86_64 0.7.0 OK
r-oldrel-windows-ix86+x86_64 0.7.0 20.00 130.00 150.00 OK

Check Details

Version: 0.7.0
Check: Rd cross-references
Result: NOTE
    Undeclared packages ‘mlbench’, ‘foreach’, ‘ICEbox’ in Rd xrefs
Flavor: r-devel-linux-x86_64-fedora-clang