CRAN Package Check Results for Package pec

Last updated on 2025-01-22 09:49:42 CET.

Flavor Version Tinstall Tcheck Ttotal Status Flags
r-devel-linux-x86_64-debian-clang 2023.04.12 14.84 100.65 115.49 NOTE
r-devel-linux-x86_64-debian-gcc 2023.04.12 10.93 70.52 81.45 NOTE
r-devel-linux-x86_64-fedora-clang 2023.04.12 197.70 OK
r-devel-linux-x86_64-fedora-gcc 2023.04.12 171.44 OK
r-devel-windows-x86_64 2023.04.12 20.00 115.00 135.00 NOTE
r-patched-linux-x86_64 2023.04.12 20.42 92.88 113.30 OK
r-release-linux-x86_64 2023.04.12 14.81 93.11 107.92 OK
r-release-macos-arm64 2023.04.12 51.00 OK
r-release-macos-x86_64 2023.04.12 76.00 OK
r-release-windows-x86_64 2023.04.12 19.00 109.00 128.00 OK
r-oldrel-macos-arm64 2023.04.12 51.00 OK
r-oldrel-macos-x86_64 2023.04.12 97.00 OK
r-oldrel-windows-x86_64 2023.04.12 25.00 135.00 160.00 OK

Check Details

Version: 2023.04.12
Check: Rd cross-references
Result: NOTE Found the following Rd file(s) with Rd \link{} targets missing package anchors: calPlot.Rd: SmartControl, dpik coxboost.Rd: Hist plot.pec.Rd: prodlim plotPredictEventProb.Rd: SmartControl, prodlim plotPredictSurvProb.Rd: SmartControl, prodlim predictRestrictedMeanTime.Rd: survfit predictSurvProb.Rd: survfit selectCox.Rd: fastbw Please provide package anchors for all Rd \link{} targets not in the package itself and the base packages. Flavors: r-devel-linux-x86_64-debian-clang, r-devel-linux-x86_64-debian-gcc, r-devel-windows-x86_64