CRAN Package Check Results for Package pell

Last updated on 2024-06-13 10:49:04 CEST.

Flavor Version Tinstall Tcheck Ttotal Status Flags
r-devel-linux-x86_64-debian-clang 0.1.0 3.17 40.26 43.43 OK
r-devel-linux-x86_64-debian-gcc 0.1.0 2.12 22.49 24.61 ERROR
r-devel-linux-x86_64-fedora-clang 0.1.0 56.25 NOTE
r-devel-linux-x86_64-fedora-gcc 0.1.0 65.89 NOTE
r-devel-windows-x86_64 0.1.0 5.00 54.00 59.00 OK
r-patched-linux-x86_64 0.1.0 2.48 39.22 41.70 OK
r-release-linux-x86_64 0.1.0 2.86 38.60 41.46 OK
r-release-macos-arm64 0.1.0 28.00 OK
r-release-macos-x86_64 0.1.0 41.00 OK
r-release-windows-x86_64 0.1.0 5.00 55.00 60.00 OK
r-oldrel-macos-arm64 0.1.0 28.00 OK
r-oldrel-macos-x86_64 0.1.0 42.00 OK
r-oldrel-windows-x86_64 0.1.0 3.00 60.00 63.00 OK

Check Details

Version: 0.1.0
Check: package dependencies
Result: NOTE Packages suggested but not available for checking: 'dplyr', 'treemap', 'visdat' Flavor: r-devel-linux-x86_64-debian-gcc

Version: 0.1.0
Check: re-building of vignette outputs
Result: ERROR Error(s) in re-building vignettes: ... --- re-building ‘download.Rmd’ using rmarkdown --- finished re-building ‘download.Rmd’ --- re-building ‘examples.Rmd’ using rmarkdown --- finished re-building ‘examples.Rmd’ --- re-building ‘intro.Rmd’ using rmarkdown Quitting from lines 22-25 [setup] (intro.Rmd) Error: processing vignette 'intro.Rmd' failed with diagnostics: there is no package called 'dplyr' --- failed re-building ‘intro.Rmd’ --- re-building ‘pell.Rmd’ using rmarkdown --- finished re-building ‘pell.Rmd’ SUMMARY: processing the following file failed: ‘intro.Rmd’ Error: Vignette re-building failed. Execution halted Flavor: r-devel-linux-x86_64-debian-gcc

Version: 0.1.0
Check: data for non-ASCII characters
Result: NOTE Note: found 6 marked UTF-8 strings Flavors: r-devel-linux-x86_64-fedora-clang, r-devel-linux-x86_64-fedora-gcc