CRAN Package Check Results for Package penPHcure

Last updated on 2021-09-21 04:55:25 CEST.

Flavor Version Tinstall Tcheck Ttotal Status Flags
r-devel-linux-x86_64-debian-clang 1.0.2 179.14 83.99 263.13 OK
r-devel-linux-x86_64-debian-gcc 1.0.2 121.71 68.09 189.80 OK
r-devel-linux-x86_64-fedora-clang 1.0.2 368.16 NOTE
r-devel-linux-x86_64-fedora-gcc 1.0.2 331.96 OK
r-devel-windows-x86_64 1.0.2 163.00 80.00 243.00 OK
r-devel-windows-x86_64-gcc10-UCRT 1.0.2 ERROR
r-patched-linux-x86_64 1.0.2 144.21 77.74 221.95 OK
r-patched-solaris-x86 1.0.2 299.80 OK
r-release-linux-x86_64 1.0.2 142.30 80.45 222.75 OK
r-release-macos-arm64 1.0.2 NOTE
r-release-macos-x86_64 1.0.2 NOTE
r-release-windows-ix86+x86_64 1.0.2 421.00 108.00 529.00 OK
r-oldrel-macos-x86_64 1.0.2 NOTE
r-oldrel-windows-ix86+x86_64 1.0.2 415.00 103.00 518.00 OK

Check Details

Version: 1.0.2
Check: installed package size
Result: NOTE
     installed size is 6.0Mb
     sub-directories of 1Mb or more:
     libs 5.8Mb
Flavors: r-devel-linux-x86_64-fedora-clang, r-release-macos-arm64, r-release-macos-x86_64, r-oldrel-macos-x86_64

Version: 1.0.2
Check: whether package can be installed
Result: ERROR
    Installation failed.
Flavor: r-devel-windows-x86_64-gcc10-UCRT