CRAN Package Check Results for Package pgTools

Last updated on 2021-10-18 19:51:45 CEST.

Flavor Version Tinstall Tcheck Ttotal Status Flags
r-devel-linux-x86_64-debian-clang 0.1.0 3.69 34.82 38.51 NOTE
r-devel-linux-x86_64-debian-gcc 0.1.0 2.95 25.74 28.69 NOTE
r-devel-linux-x86_64-fedora-clang 0.1.0 56.78 NOTE
r-devel-linux-x86_64-fedora-gcc 0.1.0 44.19 NOTE
r-devel-windows-x86_64 0.1.0 6.00 56.00 62.00 NOTE
r-devel-windows-x86_64-gcc10-UCRT 0.1.0 NOTE
r-patched-linux-x86_64 0.1.0 3.65 32.76 36.41 NOTE
r-patched-solaris-x86 0.1.0 63.20 NOTE
r-release-linux-x86_64 0.1.0 3.73 32.94 36.67 NOTE
r-release-macos-arm64 0.1.0 NOTE
r-release-macos-x86_64 0.1.0 NOTE
r-release-windows-ix86+x86_64 0.1.0 6.00 53.00 59.00 NOTE
r-oldrel-macos-x86_64 0.1.0 OK
r-oldrel-windows-ix86+x86_64 0.1.0 9.00 62.00 71.00 OK

Check Details

Version: 0.1.0
Check: LazyData
Result: NOTE
     'LazyData' is specified without a 'data' directory
Flavors: r-devel-linux-x86_64-debian-clang, r-devel-linux-x86_64-debian-gcc, r-devel-linux-x86_64-fedora-clang, r-devel-linux-x86_64-fedora-gcc, r-devel-windows-x86_64, r-devel-windows-x86_64-gcc10-UCRT, r-patched-linux-x86_64, r-patched-solaris-x86, r-release-linux-x86_64, r-release-macos-arm64, r-release-macos-x86_64, r-release-windows-ix86+x86_64