CRAN Package Check Results for Package phecodemap

Last updated on 2024-03-05 09:53:04 CET.

Flavor Version Tinstall Tcheck Ttotal Status Flags
r-devel-linux-x86_64-debian-clang 0.1.0 5.44 53.85 59.29 OK
r-devel-linux-x86_64-debian-gcc 0.1.0 5.93 42.45 48.38 OK
r-devel-linux-x86_64-fedora-clang 0.1.0 79.75 NOTE
r-devel-linux-x86_64-fedora-gcc 0.1.0 86.84 NOTE
r-devel-windows-x86_64 0.1.0 8.00 63.00 71.00 OK
r-patched-linux-x86_64 0.1.0 6.16 53.38 59.54 OK
r-release-linux-x86_64 0.1.0 5.11 51.89 57.00 OK
r-release-macos-arm64 0.1.0 37.00 OK
r-release-macos-x86_64 0.1.0 50.00 OK
r-release-windows-x86_64 0.1.0 11.00 69.00 80.00 OK
r-oldrel-macos-arm64 0.1.0 39.00 NOTE
r-oldrel-windows-x86_64 0.1.0 11.00 79.00 90.00 OK

Check Details

Version: 0.1.0
Check: data for non-ASCII characters
Result: NOTE Note: found 114 marked UTF-8 strings Flavors: r-devel-linux-x86_64-fedora-clang, r-devel-linux-x86_64-fedora-gcc, r-oldrel-macos-arm64