CRAN Package Check Results for Package phonfieldwork

Last updated on 2024-06-13 04:52:35 CEST.

Flavor Version Tinstall Tcheck Ttotal Status Flags
r-devel-linux-x86_64-debian-clang 0.0.14 12.51 87.99 100.50 OK
r-devel-linux-x86_64-debian-gcc 0.0.14 0.63 1.88 2.51 ERROR
r-devel-linux-x86_64-fedora-clang 0.0.14 123.23 OK
r-devel-linux-x86_64-fedora-gcc 0.0.14 125.60 OK
r-devel-windows-x86_64 0.0.14 9.00 84.00 93.00 OK
r-patched-linux-x86_64 0.0.14 10.30 80.97 91.27 OK
r-release-linux-x86_64 0.0.14 6.79 80.99 87.78 OK
r-release-macos-arm64 0.0.14 48.00 OK
r-release-macos-x86_64 0.0.14 66.00 OK
r-release-windows-x86_64 0.0.14 11.00 87.00 98.00 OK
r-oldrel-macos-arm64 0.0.14 54.00 OK
r-oldrel-macos-x86_64 0.0.14 105.00 OK
r-oldrel-windows-x86_64 0.0.14 13.00 97.00 110.00 OK

Check Details

Version: 0.0.14
Check: package dependencies
Result: ERROR Package required but not available: ‘readr’ Packages suggested but not available for checking: 'tidyr', 'dplyr', 'testthat', 'readxl' See section ‘The DESCRIPTION file’ in the ‘Writing R Extensions’ manual. Flavor: r-devel-linux-x86_64-debian-gcc