CRAN Package Check Results for Package phyloregion

Last updated on 2021-10-19 13:53:31 CEST.

Flavor Version Tinstall Tcheck Ttotal Status Flags
r-devel-linux-x86_64-debian-clang 1.0.6 36.27 392.34 428.61 OK
r-devel-linux-x86_64-debian-gcc 1.0.6 28.42 290.68 319.10 OK
r-devel-linux-x86_64-fedora-clang 1.0.6 510.30 NOTE
r-devel-linux-x86_64-fedora-gcc 1.0.6 522.53 NOTE
r-devel-windows-x86_64 1.0.6 55.00 454.00 509.00 OK
r-devel-windows-x86_64-gcc10-UCRT 1.0.6 NOTE
r-patched-linux-x86_64 1.0.6 40.46 375.47 415.93 OK
r-patched-solaris-x86 1.0.6 586.60 NOTE
r-release-linux-x86_64 1.0.6 33.32 374.21 407.53 OK
r-release-macos-arm64 1.0.6 NOTE
r-release-macos-x86_64 1.0.6 NOTE
r-release-windows-ix86+x86_64 1.0.6 79.00 442.00 521.00 OK
r-oldrel-macos-x86_64 1.0.6 NOTE
r-oldrel-windows-ix86+x86_64 1.0.6 47.00 307.00 354.00 OK

Check Details

Version: 1.0.6
Check: dependencies in R code
Result: NOTE
    Namespace in Imports field not imported from: ‘rgdal’
     All declared Imports should be used.
Flavors: r-devel-linux-x86_64-fedora-clang, r-devel-linux-x86_64-fedora-gcc, r-devel-windows-x86_64-gcc10-UCRT, r-patched-solaris-x86, r-release-macos-arm64, r-release-macos-x86_64, r-oldrel-macos-x86_64

Version: 1.0.6
Check: Rd cross-references
Result: NOTE
    Undeclared package ‘picante’ in Rd xrefs
Flavor: r-devel-linux-x86_64-fedora-clang