CRAN Package Check Results for Package phylosignal

Last updated on 2021-09-21 04:55:26 CEST.

Flavor Version Tinstall Tcheck Ttotal Status Flags
r-devel-linux-x86_64-debian-clang 1.3 60.69 381.64 442.33 OK
r-devel-linux-x86_64-debian-gcc 1.3 42.28 279.07 321.35 OK
r-devel-linux-x86_64-fedora-clang 1.3 526.99 OK
r-devel-linux-x86_64-fedora-gcc 1.3 508.83 OK
r-devel-windows-x86_64 1.3 61.00 334.00 395.00 OK
r-devel-windows-x86_64-gcc10-UCRT 1.3 ERROR
r-patched-linux-x86_64 1.3 51.36 361.20 412.56 OK
r-patched-solaris-x86 1.3 461.70 OK
r-release-linux-x86_64 1.3 50.63 359.62 410.25 OK
r-release-macos-arm64 1.3 NOTE
r-release-macos-x86_64 1.3 OK
r-release-windows-ix86+x86_64 1.3 132.00 408.00 540.00 OK
r-oldrel-macos-x86_64 1.3 OK
r-oldrel-windows-ix86+x86_64 1.3 134.00 392.00 526.00 OK

Check Details

Version: 1.3
Check: whether package can be installed
Result: ERROR
    Installation failed.
Flavor: r-devel-windows-x86_64-gcc10-UCRT

Version: 1.3
Check: installed package size
Result: NOTE
     installed size is 5.3Mb
     sub-directories of 1Mb or more:
     help 1.6Mb
     libs 2.5Mb
Flavor: r-release-macos-arm64