CRAN Package Check Results for Package pimeta

Last updated on 2021-09-25 22:54:14 CEST.

Flavor Version Tinstall Tcheck Ttotal Status Flags
r-devel-linux-x86_64-debian-clang 1.1.3 41.43 60.11 101.54 OK
r-devel-linux-x86_64-debian-gcc 1.1.3 28.67 43.48 72.15 OK
r-devel-linux-x86_64-fedora-clang 1.1.3 144.60 NOTE
r-devel-linux-x86_64-fedora-gcc 1.1.3 125.73 NOTE
r-devel-windows-x86_64 1.1.3 34.00 68.00 102.00 OK
r-devel-windows-x86_64-gcc10-UCRT 1.1.3 NOTE
r-patched-linux-x86_64 1.1.3 36.02 55.09 91.11 OK
r-patched-solaris-x86 1.1.3 183.40 NOTE
r-release-linux-x86_64 1.1.3 36.19 55.20 91.39 OK
r-release-macos-arm64 1.1.3 NOTE
r-release-macos-x86_64 1.1.3 NOTE
r-release-windows-ix86+x86_64 1.1.3 88.00 89.00 177.00 OK
r-oldrel-macos-x86_64 1.1.3 NOTE
r-oldrel-windows-ix86+x86_64 1.1.3 66.00 86.00 152.00 OK

Check Details

Version: 1.1.3
Check: installed package size
Result: NOTE
     installed size is 10.5Mb
     sub-directories of 1Mb or more:
     libs 10.2Mb
Flavors: r-devel-linux-x86_64-fedora-clang, r-release-macos-arm64, r-release-macos-x86_64, r-oldrel-macos-x86_64

Version: 1.1.3
Check: dependencies in R code
Result: NOTE
    Namespace in Imports field not imported from: ‘utils’
     All declared Imports should be used.
Flavors: r-devel-linux-x86_64-fedora-clang, r-devel-linux-x86_64-fedora-gcc, r-devel-windows-x86_64-gcc10-UCRT, r-patched-solaris-x86, r-release-macos-arm64, r-release-macos-x86_64, r-oldrel-macos-x86_64