CRAN Package Check Results for Package piton

Last updated on 2021-09-28 01:49:33 CEST.

Flavor Version Tinstall Tcheck Ttotal Status Flags
r-devel-linux-x86_64-debian-clang 1.0.0 20.20 27.02 47.22 NOTE
r-devel-linux-x86_64-debian-gcc 1.0.0 13.05 21.68 34.73 NOTE
r-devel-linux-x86_64-fedora-clang 1.0.0 77.13 NOTE
r-devel-linux-x86_64-fedora-gcc 1.0.0 58.51 NOTE
r-devel-windows-x86_64 1.0.0 25.00 43.00 68.00 NOTE
r-devel-windows-x86_64-gcc10-UCRT 1.0.0 NOTE
r-patched-linux-x86_64 1.0.0 15.68 26.82 42.50 NOTE
r-patched-solaris-x86 1.0.0 72.40 NOTE
r-release-linux-x86_64 1.0.0 16.31 26.45 42.76 NOTE
r-release-macos-arm64 1.0.0 NOTE
r-release-macos-x86_64 1.0.0 NOTE
r-release-windows-ix86+x86_64 1.0.0 49.00 55.00 104.00 NOTE
r-oldrel-macos-x86_64 1.0.0 OK
r-oldrel-windows-ix86+x86_64 1.0.0 50.00 61.00 111.00 OK

Check Details

Version: 1.0.0
Check: LazyData
Result: NOTE
     'LazyData' is specified without a 'data' directory
Flavors: r-devel-linux-x86_64-debian-clang, r-devel-linux-x86_64-debian-gcc, r-devel-linux-x86_64-fedora-clang, r-devel-linux-x86_64-fedora-gcc, r-devel-windows-x86_64, r-devel-windows-x86_64-gcc10-UCRT, r-patched-linux-x86_64, r-patched-solaris-x86, r-release-linux-x86_64, r-release-macos-arm64, r-release-macos-x86_64, r-release-windows-ix86+x86_64